{"id":87,"date":"2018-09-19T16:10:01","date_gmt":"2018-09-19T14:10:01","guid":{"rendered":"http:\/\/guivelelectricite.fr\/?page_id=87"},"modified":"2023-06-21T14:27:50","modified_gmt":"2023-06-21T12:27:50","slug":"en-savoir-plus","status":"publish","type":"page","link":"https:\/\/guivelelectricite.fr\/index.php\/en-savoir-plus\/","title":{"rendered":"En savoir plus"},"content":{"rendered":"<div id=\"pl-87\"  class=\"panel-layout\" ><div id=\"pg-87-0\"  class=\"panel-grid panel-no-style\" ><div id=\"pgc-87-0-0\"  class=\"panel-grid-cell\" ><div id=\"panel-87-0-0-0\" class=\"so-panel widget widget_sow-editor panel-first-child panel-last-child\" data-index=\"0\" ><div\n\t\t\t\n\t\t\tclass=\"so-widget-sow-editor so-widget-sow-editor-base\"\n\t\t\t\n\t\t>\n<div class=\"siteorigin-widget-tinymce textwidget\">\n\t<p>Je me pr\u00e9sente, Andreas Guivel, 28 ans.<\/p>\n<p>En 2013 j'ai obtenu un bac professionnel \u00e9lectrotechnique, peu a peu j'ai acquis de l'exp\u00e9rience dans le m\u00e9tier et le 1er juillet 2018 je me suis lanc\u00e9 \u00e0 mon compte en tant qu'artisan \u00e9lectricien.&nbsp;<\/p>\n<p>Je suis passionn\u00e9 par mon m\u00e9tier et j'ai la chance de pouvoir en vivre.<\/p>\n<p>Je suis sp\u00e9cialis\u00e9 dans la r\u00e9novation des installations \u00e9lectriques et la remise aux normes.<\/p>\n<p>Mon objectif en tant qu'\u00e9lectricien est de proposer \u00e0 mes clients des prestations de qualit\u00e9 et de conseils, tout en respectant les normes du m\u00e9tier.<\/p>\n<p>Mon travail est garantie 10 ans.<\/p>\n<p>Tous mes devis sont d\u00e9taill\u00e9s et personnalis\u00e9s : je r\u00e9alise une analyse de votre demande pour vous apporter la r\u00e9ponse la plus adapt\u00e9e \u00e0 vos contraintes (budget etc.) et \u00e0 vos besoins.<\/p>\n<p>Pour plus d'infos sur mes prestations et mes tarifs contactez-moi au <strong><span style=\"color: #ff9900;\">07 66 00 00 50<\/span><\/strong> ou envoyez moi un mail : andreasguivel@outlook.fr<\/p>\n<p>&nbsp;<\/p>\n<p>&nbsp;<\/p>\n<\/div>\n<\/div><\/div><\/div><\/div><\/div>","protected":false},"excerpt":{"rendered":"<p>Je me pr\u00e9sente, Andreas Guivel, 28 ans. En 2013 j&rsquo;ai obtenu un bac professionnel \u00e9lectrotechnique, peu a peu j&rsquo;ai acquis de l&rsquo;exp\u00e9rience dans le m\u00e9tier et le 1er juillet 2018 je me suis lanc\u00e9 \u00e0 mon compte en tant qu&rsquo;artisan \u00e9lectricien.&nbsp; Je suis passionn\u00e9 par mon m\u00e9tier et j&rsquo;ai la<\/p>\n","protected":false},"author":1,"featured_media":0,"parent":0,"menu_order":0,"comment_status":"closed","ping_status":"closed","template":"","meta":{"ngg_post_thumbnail":0,"footnotes":""},"class_list":["post-87","page","type-page","status-publish","hentry"],"yoast_head":"<!-- This site is optimized with the Yoast SEO plugin v27.4 - https:\/\/yoast.com\/product\/yoast-seo-wordpress\/ -->\n<title>En savoir plus - GVL \u00e9lectricit\u00e9 - service<\/title>\n<meta name=\"robots\" content=\"index, follow, max-snippet:-1, max-image-preview:large, max-video-preview:-1\" \/>\n<link rel=\"canonical\" href=\"https:\/\/guivelelectricite.fr\/index.php\/en-savoir-plus\/\" \/>\n<meta property=\"og:locale\" content=\"fr_FR\" \/>\n<meta property=\"og:type\" content=\"article\" \/>\n<meta property=\"og:title\" content=\"En savoir plus - GVL \u00e9lectricit\u00e9 - service\" \/>\n<meta property=\"og:description\" content=\"Je me pr\u00e9sente, Andreas Guivel, 28 ans. En 2013 j&#039;ai obtenu un bac professionnel \u00e9lectrotechnique, peu a peu j&#039;ai acquis de l&#039;exp\u00e9rience dans le m\u00e9tier et le 1er juillet 2018 je me suis lanc\u00e9 \u00e0 mon compte en tant qu&#039;artisan \u00e9lectricien.&nbsp; Je suis passionn\u00e9 par mon m\u00e9tier et j&#039;ai la\" \/>\n<meta property=\"og:url\" content=\"https:\/\/guivelelectricite.fr\/index.php\/en-savoir-plus\/\" \/>\n<meta property=\"og:site_name\" content=\"GVL \u00e9lectricit\u00e9 - service\" \/>\n<meta property=\"article:publisher\" content=\"https:\/\/www.facebook.com\/Guivel-lectricit-315408385903294\" \/>\n<meta property=\"article:modified_time\" content=\"2023-06-21T12:27:50+00:00\" \/>\n<meta name=\"twitter:card\" content=\"summary_large_image\" \/>\n<meta name=\"twitter:label1\" content=\"Dur\u00e9e de lecture estim\u00e9e\" \/>\n\t<meta name=\"twitter:data1\" content=\"1 minute\" \/>\n<script type=\"application\/ld+json\" class=\"yoast-schema-graph\">{\"@context\":\"https:\\\/\\\/schema.org\",\"@graph\":[{\"@type\":\"WebPage\",\"@id\":\"https:\\\/\\\/guivelelectricite.fr\\\/index.php\\\/en-savoir-plus\\\/\",\"url\":\"https:\\\/\\\/guivelelectricite.fr\\\/index.php\\\/en-savoir-plus\\\/\",\"name\":\"En savoir plus - GVL \u00e9lectricit\u00e9 - service\",\"isPartOf\":{\"@id\":\"http:\\\/\\\/guivelelectricite.fr\\\/#website\"},\"datePublished\":\"2018-09-19T14:10:01+00:00\",\"dateModified\":\"2023-06-21T12:27:50+00:00\",\"breadcrumb\":{\"@id\":\"https:\\\/\\\/guivelelectricite.fr\\\/index.php\\\/en-savoir-plus\\\/#breadcrumb\"},\"inLanguage\":\"fr-FR\",\"potentialAction\":[{\"@type\":\"ReadAction\",\"target\":[\"https:\\\/\\\/guivelelectricite.fr\\\/index.php\\\/en-savoir-plus\\\/\"]}]},{\"@type\":\"BreadcrumbList\",\"@id\":\"https:\\\/\\\/guivelelectricite.fr\\\/index.php\\\/en-savoir-plus\\\/#breadcrumb\",\"itemListElement\":[{\"@type\":\"ListItem\",\"position\":1,\"name\":\"Accueil\",\"item\":\"https:\\\/\\\/guivelelectricite.fr\\\/\"},{\"@type\":\"ListItem\",\"position\":2,\"name\":\"En savoir plus\"}]},{\"@type\":\"WebSite\",\"@id\":\"http:\\\/\\\/guivelelectricite.fr\\\/#website\",\"url\":\"http:\\\/\\\/guivelelectricite.fr\\\/\",\"name\":\"GUIVEL \u00e9lectricit\u00e9\",\"description\":\"Artisan \u00e9lectricien\",\"publisher\":{\"@id\":\"http:\\\/\\\/guivelelectricite.fr\\\/#organization\"},\"potentialAction\":[{\"@type\":\"SearchAction\",\"target\":{\"@type\":\"EntryPoint\",\"urlTemplate\":\"http:\\\/\\\/guivelelectricite.fr\\\/?s={search_term_string}\"},\"query-input\":{\"@type\":\"PropertyValueSpecification\",\"valueRequired\":true,\"valueName\":\"search_term_string\"}}],\"inLanguage\":\"fr-FR\"},{\"@type\":\"Organization\",\"@id\":\"http:\\\/\\\/guivelelectricite.fr\\\/#organization\",\"name\":\"GVL \u00e9lectricit\u00e9\",\"url\":\"http:\\\/\\\/guivelelectricite.fr\\\/\",\"logo\":{\"@type\":\"ImageObject\",\"inLanguage\":\"fr-FR\",\"@id\":\"http:\\\/\\\/guivelelectricite.fr\\\/#\\\/schema\\\/logo\\\/image\\\/\",\"url\":\"https:\\\/\\\/i0.wp.com\\\/guivelelectricite.fr\\\/wp-content\\\/uploads\\\/2024\\\/08\\\/102dcc2f8d0630e1be4094ed6bfbf15b.png?fit=860%2C627&ssl=1\",\"contentUrl\":\"https:\\\/\\\/i0.wp.com\\\/guivelelectricite.fr\\\/wp-content\\\/uploads\\\/2024\\\/08\\\/102dcc2f8d0630e1be4094ed6bfbf15b.png?fit=860%2C627&ssl=1\",\"width\":860,\"height\":627,\"caption\":\"GVL \u00e9lectricit\u00e9\"},\"image\":{\"@id\":\"http:\\\/\\\/guivelelectricite.fr\\\/#\\\/schema\\\/logo\\\/image\\\/\"},\"sameAs\":[\"https:\\\/\\\/www.facebook.com\\\/Guivel-lectricit-315408385903294\"]}]}<\/script>\n<!-- \/ Yoast SEO plugin. -->","yoast_head_json":{"title":"En savoir plus - GVL \u00e9lectricit\u00e9 - service","robots":{"index":"index","follow":"follow","max-snippet":"max-snippet:-1","max-image-preview":"max-image-preview:large","max-video-preview":"max-video-preview:-1"},"canonical":"https:\/\/guivelelectricite.fr\/index.php\/en-savoir-plus\/","og_locale":"fr_FR","og_type":"article","og_title":"En savoir plus - GVL \u00e9lectricit\u00e9 - service","og_description":"Je me pr\u00e9sente, Andreas Guivel, 28 ans. En 2013 j'ai obtenu un bac professionnel \u00e9lectrotechnique, peu a peu j'ai acquis de l'exp\u00e9rience dans le m\u00e9tier et le 1er juillet 2018 je me suis lanc\u00e9 \u00e0 mon compte en tant qu'artisan \u00e9lectricien.&nbsp; Je suis passionn\u00e9 par mon m\u00e9tier et j'ai la","og_url":"https:\/\/guivelelectricite.fr\/index.php\/en-savoir-plus\/","og_site_name":"GVL \u00e9lectricit\u00e9 - service","article_publisher":"https:\/\/www.facebook.com\/Guivel-lectricit-315408385903294","article_modified_time":"2023-06-21T12:27:50+00:00","twitter_card":"summary_large_image","twitter_misc":{"Dur\u00e9e de lecture estim\u00e9e":"1 minute"},"schema":{"@context":"https:\/\/schema.org","@graph":[{"@type":"WebPage","@id":"https:\/\/guivelelectricite.fr\/index.php\/en-savoir-plus\/","url":"https:\/\/guivelelectricite.fr\/index.php\/en-savoir-plus\/","name":"En savoir plus - GVL \u00e9lectricit\u00e9 - service","isPartOf":{"@id":"http:\/\/guivelelectricite.fr\/#website"},"datePublished":"2018-09-19T14:10:01+00:00","dateModified":"2023-06-21T12:27:50+00:00","breadcrumb":{"@id":"https:\/\/guivelelectricite.fr\/index.php\/en-savoir-plus\/#breadcrumb"},"inLanguage":"fr-FR","potentialAction":[{"@type":"ReadAction","target":["https:\/\/guivelelectricite.fr\/index.php\/en-savoir-plus\/"]}]},{"@type":"BreadcrumbList","@id":"https:\/\/guivelelectricite.fr\/index.php\/en-savoir-plus\/#breadcrumb","itemListElement":[{"@type":"ListItem","position":1,"name":"Accueil","item":"https:\/\/guivelelectricite.fr\/"},{"@type":"ListItem","position":2,"name":"En savoir plus"}]},{"@type":"WebSite","@id":"http:\/\/guivelelectricite.fr\/#website","url":"http:\/\/guivelelectricite.fr\/","name":"GUIVEL \u00e9lectricit\u00e9","description":"Artisan \u00e9lectricien","publisher":{"@id":"http:\/\/guivelelectricite.fr\/#organization"},"potentialAction":[{"@type":"SearchAction","target":{"@type":"EntryPoint","urlTemplate":"http:\/\/guivelelectricite.fr\/?s={search_term_string}"},"query-input":{"@type":"PropertyValueSpecification","valueRequired":true,"valueName":"search_term_string"}}],"inLanguage":"fr-FR"},{"@type":"Organization","@id":"http:\/\/guivelelectricite.fr\/#organization","name":"GVL \u00e9lectricit\u00e9","url":"http:\/\/guivelelectricite.fr\/","logo":{"@type":"ImageObject","inLanguage":"fr-FR","@id":"http:\/\/guivelelectricite.fr\/#\/schema\/logo\/image\/","url":"https:\/\/i0.wp.com\/guivelelectricite.fr\/wp-content\/uploads\/2024\/08\/102dcc2f8d0630e1be4094ed6bfbf15b.png?fit=860%2C627&ssl=1","contentUrl":"https:\/\/i0.wp.com\/guivelelectricite.fr\/wp-content\/uploads\/2024\/08\/102dcc2f8d0630e1be4094ed6bfbf15b.png?fit=860%2C627&ssl=1","width":860,"height":627,"caption":"GVL \u00e9lectricit\u00e9"},"image":{"@id":"http:\/\/guivelelectricite.fr\/#\/schema\/logo\/image\/"},"sameAs":["https:\/\/www.facebook.com\/Guivel-lectricit-315408385903294"]}]}},"jetpack_sharing_enabled":true,"jetpack_shortlink":"https:\/\/wp.me\/Pamzwz-1p","jetpack-related-posts":[],"_links":{"self":[{"href":"https:\/\/guivelelectricite.fr\/index.php\/wp-json\/wp\/v2\/pages\/87","targetHints":{"allow":["GET"]}}],"collection":[{"href":"https:\/\/guivelelectricite.fr\/index.php\/wp-json\/wp\/v2\/pages"}],"about":[{"href":"https:\/\/guivelelectricite.fr\/index.php\/wp-json\/wp\/v2\/types\/page"}],"author":[{"embeddable":true,"href":"https:\/\/guivelelectricite.fr\/index.php\/wp-json\/wp\/v2\/users\/1"}],"replies":[{"embeddable":true,"href":"https:\/\/guivelelectricite.fr\/index.php\/wp-json\/wp\/v2\/comments?post=87"}],"version-history":[{"count":11,"href":"https:\/\/guivelelectricite.fr\/index.php\/wp-json\/wp\/v2\/pages\/87\/revisions"}],"predecessor-version":[{"id":1586,"href":"https:\/\/guivelelectricite.fr\/index.php\/wp-json\/wp\/v2\/pages\/87\/revisions\/1586"}],"wp:attachment":[{"href":"https:\/\/guivelelectricite.fr\/index.php\/wp-json\/wp\/v2\/media?parent=87"}],"curies":[{"name":"wp","href":"https:\/\/api.w.org\/{rel}","templated":true}]}}