{"id":204,"date":"2018-10-13T16:28:40","date_gmt":"2018-10-13T14:28:40","guid":{"rendered":"http:\/\/guivelelectricite.fr\/?page_id=204"},"modified":"2018-10-13T16:38:55","modified_gmt":"2018-10-13T14:38:55","slug":"mise-en-conformite-electrique","status":"publish","type":"page","link":"https:\/\/guivelelectricite.fr\/index.php\/mise-en-conformite-electrique\/","title":{"rendered":"Mise en conformit\u00e9 \u00e9lectrique"},"content":{"rendered":"<p>Des chiffres alarmants :<\/p>\n<p><img data-recalc-dims=\"1\" loading=\"lazy\" decoding=\"async\" src=\"https:\/\/i0.wp.com\/cdn.radiofrance.fr\/s3\/cruiser-production\/2018\/07\/7e789726-2f52-4eff-9bef-8c284722485b\/640_placard_stats.jpg?resize=592%2C304&#038;ssl=1\" alt=\"Les chiffres cl\u00e9 de la s\u00e9curit\u00e9 \u00e9lectrique\" width=\"592\" height=\"304\" class=\" dejavu-failed\" \/><\/p>\n<p><a href=\"https:\/\/www.franceinter.fr\/societe\/pres-de-7-logements-sur-10-ont-une-installation-electrique-non-conforme\">Source<\/a><\/p>\n<p>Les<span>\u00a0<\/span><strong>installations \u00e9lectriques peuvent \u00eatre dangereuses<\/strong>. Il peut exister des risques d\u2019accidents corporels ou d\u2019incendie, car si celles-ci respectaient les r\u00e8gles de s\u00e9curit\u00e9 \u00e0 l\u2019\u00e9poque de leur r\u00e9alisation, elles ne r\u00e9pondent plus aujourd\u2019hui aux besoins que nous leurs imposons. La mise en conformit\u00e9 \u00e9lectrique est essentielle pour votre s\u00e9curit\u00e9.<\/p>\n<p>D\u2019une part,<span>\u00a0<\/span><strong>les installations \u00e9lectriques vieillissent<\/strong><span>\u00a0<\/span>\u00e0 la fois en fonction de leur utilisation mais aussi par l\u2019usure naturelle des mat\u00e9riaux.<\/p>\n<p>D\u2019autre part, l\u2019\u00e9volution technologique fait que nous poss\u00e9dons<span>\u00a0<\/span><strong>de plus en plus d\u2019appareils \u00e9lectrom\u00e9nagers<span>\u00a0<\/span><\/strong>(plaque vitroc\u00e9ramique, hotte, micro-ondes, lave-vaisselle\u2026) ou hi-fi \/ vid\u00e9o \/ informatique (home cin\u00e9ma, TV plasma ou LCD, ordinateur, console de jeux \u2026.) qui demandent une<span>\u00a0<\/span><strong>puissance de consommation suppl\u00e9mentaire.<\/strong><\/p>\n<p>La<span>\u00a0<\/span><strong>norme NFC1500<\/strong>, doit \u00eatre respect\u00e9e aussi bien sur les mat\u00e9riaux utilis\u00e9s que sur la puissance des protections, le nombre et l\u2019amp\u00e9rage des prises par circuit, ou encore sur la section des fils.<\/p>\n<p>La<span>\u00a0<\/span><strong>mise aux normes du tableau \u00e9lectrique<\/strong><span>\u00a0<\/span>est essentiel. En cas de dysfonctionnement de l\u2019installation ou d\u2019un appareil m\u00e9nager, un tableau qui ne poss\u00e8de pas de protection ne pourra pas se mettre en s\u00e9curit\u00e9.<\/p>\n<p>Souvent, les cuisines ne sont pas \u00e9quip\u00e9s de prises sp\u00e9cialis\u00e9es pour l\u2019\u00e9lectrom\u00e9nager, ou ne poss\u00e8dent pas suffisamment de prises hautes pour le petit \u00e9lectrom\u00e9nager (cafeti\u00e8re, robot m\u00e9nager, \u2026) d\u2019o\u00f9<span>\u00a0<\/span><strong>l\u2019utilisation de multiprises<\/strong><span>\u00a0<\/span>pouvant provoquer des accidents d\u2019origine \u00e9lectrique.<\/p>\n<p><strong>La d\u00e9marche \u00e0 r\u00e9aliser : Faire \u00e9valuer le niveau de s\u00e9curit\u00e9 de votre installation en demandant un diagnostic !<\/strong><\/p>\n<h4>Deux situations possibles :<\/h4>\n<ul>\n<li>\u00a0Vous vendez ou achetez un bien immobilier de plus de 15 ans, le diagnostic \u00e9lectrique est obligatoire depuis le 1er janvier 2009 et a pour but d&rsquo;\u00e9valuer les risques pouvant porter atteinte \u00e0 la s\u00e9curit\u00e9 des personnes, celui-ci doit \u00eatre effectu\u00e9 par un organisme agr\u00e9\u00e9 et ind\u00e9pendant.<\/li>\n<li class=\"_mce_tagged_br\">Vous \u00eates propri\u00e9taire occupant de votre logement, et vous avez un doute sur la conformit\u00e9 de votre installation ?\u00a0 \u00a0Je suis l\u00e0 pour vous indiquer les travaux \u00e0 r\u00e9aliser de mani\u00e8re prioritaire et vous remettre\u00a0un devis gratuit d\u00e9crivant les d\u00e9tails de la remise aux normes de votre tableau \u00e9lectrique.<\/li>\n<\/ul>\n<p>Dans les 2 cas, je suis \u00e0 votre disposition afin de r\u00e9aliser\u00a0la r\u00e9fection de votre tableau \u00e9lectrique en respectant\u00a0les normes en vigueur et en vous proposant des solutions efficaces et conformes \u00e0 vos besoins .<\/p>\n","protected":false},"excerpt":{"rendered":"<p>Des chiffres alarmants : Source Les\u00a0installations \u00e9lectriques peuvent \u00eatre dangereuses. Il peut exister des risques d\u2019accidents corporels ou d\u2019incendie, car si celles-ci respectaient les r\u00e8gles de s\u00e9curit\u00e9 \u00e0 l\u2019\u00e9poque de leur r\u00e9alisation, elles ne r\u00e9pondent plus aujourd\u2019hui aux besoins que nous leurs imposons. La mise en conformit\u00e9 \u00e9lectrique est essentielle<\/p>\n","protected":false},"author":1,"featured_media":0,"parent":0,"menu_order":0,"comment_status":"closed","ping_status":"closed","template":"","meta":{"ngg_post_thumbnail":0,"footnotes":""},"class_list":["post-204","page","type-page","status-publish","hentry"],"yoast_head":"<!-- This site is optimized with the Yoast SEO plugin v27.4 - https:\/\/yoast.com\/product\/yoast-seo-wordpress\/ -->\n<title>Mise en conformit\u00e9 \u00e9lectrique - GVL \u00e9lectricit\u00e9 - service<\/title>\n<meta name=\"robots\" content=\"index, follow, max-snippet:-1, max-image-preview:large, max-video-preview:-1\" \/>\n<link rel=\"canonical\" href=\"http:\/\/guivelelectricite.fr\/index.php\/mise-en-conformite-electrique\/\" \/>\n<meta property=\"og:locale\" content=\"fr_FR\" \/>\n<meta property=\"og:type\" content=\"article\" \/>\n<meta property=\"og:title\" content=\"Mise en conformit\u00e9 \u00e9lectrique - GVL \u00e9lectricit\u00e9 - service\" \/>\n<meta property=\"og:description\" content=\"Des chiffres alarmants : Source Les\u00a0installations \u00e9lectriques peuvent \u00eatre dangereuses. Il peut exister des risques d\u2019accidents corporels ou d\u2019incendie, car si celles-ci respectaient les r\u00e8gles de s\u00e9curit\u00e9 \u00e0 l\u2019\u00e9poque de leur r\u00e9alisation, elles ne r\u00e9pondent plus aujourd\u2019hui aux besoins que nous leurs imposons. La mise en conformit\u00e9 \u00e9lectrique est essentielle\" \/>\n<meta property=\"og:url\" content=\"http:\/\/guivelelectricite.fr\/index.php\/mise-en-conformite-electrique\/\" \/>\n<meta property=\"og:site_name\" content=\"GVL \u00e9lectricit\u00e9 - service\" \/>\n<meta property=\"article:publisher\" content=\"https:\/\/www.facebook.com\/Guivel-lectricit-315408385903294\" \/>\n<meta property=\"article:modified_time\" content=\"2018-10-13T14:38:55+00:00\" \/>\n<meta property=\"og:image\" content=\"https:\/\/cdn.radiofrance.fr\/s3\/cruiser-production\/2018\/07\/7e789726-2f52-4eff-9bef-8c284722485b\/640_placard_stats.jpg\" \/>\n<meta name=\"twitter:card\" content=\"summary_large_image\" \/>\n<meta name=\"twitter:label1\" content=\"Dur\u00e9e de lecture estim\u00e9e\" \/>\n\t<meta name=\"twitter:data1\" content=\"2 minutes\" \/>\n<script type=\"application\/ld+json\" class=\"yoast-schema-graph\">{\"@context\":\"https:\\\/\\\/schema.org\",\"@graph\":[{\"@type\":\"WebPage\",\"@id\":\"http:\\\/\\\/guivelelectricite.fr\\\/index.php\\\/mise-en-conformite-electrique\\\/\",\"url\":\"http:\\\/\\\/guivelelectricite.fr\\\/index.php\\\/mise-en-conformite-electrique\\\/\",\"name\":\"Mise en conformit\u00e9 \u00e9lectrique - GVL \u00e9lectricit\u00e9 - service\",\"isPartOf\":{\"@id\":\"http:\\\/\\\/guivelelectricite.fr\\\/#website\"},\"primaryImageOfPage\":{\"@id\":\"http:\\\/\\\/guivelelectricite.fr\\\/index.php\\\/mise-en-conformite-electrique\\\/#primaryimage\"},\"image\":{\"@id\":\"http:\\\/\\\/guivelelectricite.fr\\\/index.php\\\/mise-en-conformite-electrique\\\/#primaryimage\"},\"thumbnailUrl\":\"https:\\\/\\\/cdn.radiofrance.fr\\\/s3\\\/cruiser-production\\\/2018\\\/07\\\/7e789726-2f52-4eff-9bef-8c284722485b\\\/640_placard_stats.jpg\",\"datePublished\":\"2018-10-13T14:28:40+00:00\",\"dateModified\":\"2018-10-13T14:38:55+00:00\",\"breadcrumb\":{\"@id\":\"http:\\\/\\\/guivelelectricite.fr\\\/index.php\\\/mise-en-conformite-electrique\\\/#breadcrumb\"},\"inLanguage\":\"fr-FR\",\"potentialAction\":[{\"@type\":\"ReadAction\",\"target\":[\"http:\\\/\\\/guivelelectricite.fr\\\/index.php\\\/mise-en-conformite-electrique\\\/\"]}]},{\"@type\":\"ImageObject\",\"inLanguage\":\"fr-FR\",\"@id\":\"http:\\\/\\\/guivelelectricite.fr\\\/index.php\\\/mise-en-conformite-electrique\\\/#primaryimage\",\"url\":\"https:\\\/\\\/cdn.radiofrance.fr\\\/s3\\\/cruiser-production\\\/2018\\\/07\\\/7e789726-2f52-4eff-9bef-8c284722485b\\\/640_placard_stats.jpg\",\"contentUrl\":\"https:\\\/\\\/cdn.radiofrance.fr\\\/s3\\\/cruiser-production\\\/2018\\\/07\\\/7e789726-2f52-4eff-9bef-8c284722485b\\\/640_placard_stats.jpg\"},{\"@type\":\"BreadcrumbList\",\"@id\":\"http:\\\/\\\/guivelelectricite.fr\\\/index.php\\\/mise-en-conformite-electrique\\\/#breadcrumb\",\"itemListElement\":[{\"@type\":\"ListItem\",\"position\":1,\"name\":\"Accueil\",\"item\":\"https:\\\/\\\/guivelelectricite.fr\\\/\"},{\"@type\":\"ListItem\",\"position\":2,\"name\":\"Mise en conformit\u00e9 \u00e9lectrique\"}]},{\"@type\":\"WebSite\",\"@id\":\"http:\\\/\\\/guivelelectricite.fr\\\/#website\",\"url\":\"http:\\\/\\\/guivelelectricite.fr\\\/\",\"name\":\"GUIVEL \u00e9lectricit\u00e9\",\"description\":\"Artisan \u00e9lectricien\",\"publisher\":{\"@id\":\"http:\\\/\\\/guivelelectricite.fr\\\/#organization\"},\"potentialAction\":[{\"@type\":\"SearchAction\",\"target\":{\"@type\":\"EntryPoint\",\"urlTemplate\":\"http:\\\/\\\/guivelelectricite.fr\\\/?s={search_term_string}\"},\"query-input\":{\"@type\":\"PropertyValueSpecification\",\"valueRequired\":true,\"valueName\":\"search_term_string\"}}],\"inLanguage\":\"fr-FR\"},{\"@type\":\"Organization\",\"@id\":\"http:\\\/\\\/guivelelectricite.fr\\\/#organization\",\"name\":\"GVL \u00e9lectricit\u00e9\",\"url\":\"http:\\\/\\\/guivelelectricite.fr\\\/\",\"logo\":{\"@type\":\"ImageObject\",\"inLanguage\":\"fr-FR\",\"@id\":\"http:\\\/\\\/guivelelectricite.fr\\\/#\\\/schema\\\/logo\\\/image\\\/\",\"url\":\"https:\\\/\\\/i0.wp.com\\\/guivelelectricite.fr\\\/wp-content\\\/uploads\\\/2024\\\/08\\\/102dcc2f8d0630e1be4094ed6bfbf15b.png?fit=860%2C627&ssl=1\",\"contentUrl\":\"https:\\\/\\\/i0.wp.com\\\/guivelelectricite.fr\\\/wp-content\\\/uploads\\\/2024\\\/08\\\/102dcc2f8d0630e1be4094ed6bfbf15b.png?fit=860%2C627&ssl=1\",\"width\":860,\"height\":627,\"caption\":\"GVL \u00e9lectricit\u00e9\"},\"image\":{\"@id\":\"http:\\\/\\\/guivelelectricite.fr\\\/#\\\/schema\\\/logo\\\/image\\\/\"},\"sameAs\":[\"https:\\\/\\\/www.facebook.com\\\/Guivel-lectricit-315408385903294\"]}]}<\/script>\n<!-- \/ Yoast SEO plugin. -->","yoast_head_json":{"title":"Mise en conformit\u00e9 \u00e9lectrique - GVL \u00e9lectricit\u00e9 - service","robots":{"index":"index","follow":"follow","max-snippet":"max-snippet:-1","max-image-preview":"max-image-preview:large","max-video-preview":"max-video-preview:-1"},"canonical":"http:\/\/guivelelectricite.fr\/index.php\/mise-en-conformite-electrique\/","og_locale":"fr_FR","og_type":"article","og_title":"Mise en conformit\u00e9 \u00e9lectrique - GVL \u00e9lectricit\u00e9 - service","og_description":"Des chiffres alarmants : Source Les\u00a0installations \u00e9lectriques peuvent \u00eatre dangereuses. Il peut exister des risques d\u2019accidents corporels ou d\u2019incendie, car si celles-ci respectaient les r\u00e8gles de s\u00e9curit\u00e9 \u00e0 l\u2019\u00e9poque de leur r\u00e9alisation, elles ne r\u00e9pondent plus aujourd\u2019hui aux besoins que nous leurs imposons. La mise en conformit\u00e9 \u00e9lectrique est essentielle","og_url":"http:\/\/guivelelectricite.fr\/index.php\/mise-en-conformite-electrique\/","og_site_name":"GVL \u00e9lectricit\u00e9 - service","article_publisher":"https:\/\/www.facebook.com\/Guivel-lectricit-315408385903294","article_modified_time":"2018-10-13T14:38:55+00:00","og_image":[{"url":"https:\/\/cdn.radiofrance.fr\/s3\/cruiser-production\/2018\/07\/7e789726-2f52-4eff-9bef-8c284722485b\/640_placard_stats.jpg","type":"","width":"","height":""}],"twitter_card":"summary_large_image","twitter_misc":{"Dur\u00e9e de lecture estim\u00e9e":"2 minutes"},"schema":{"@context":"https:\/\/schema.org","@graph":[{"@type":"WebPage","@id":"http:\/\/guivelelectricite.fr\/index.php\/mise-en-conformite-electrique\/","url":"http:\/\/guivelelectricite.fr\/index.php\/mise-en-conformite-electrique\/","name":"Mise en conformit\u00e9 \u00e9lectrique - GVL \u00e9lectricit\u00e9 - service","isPartOf":{"@id":"http:\/\/guivelelectricite.fr\/#website"},"primaryImageOfPage":{"@id":"http:\/\/guivelelectricite.fr\/index.php\/mise-en-conformite-electrique\/#primaryimage"},"image":{"@id":"http:\/\/guivelelectricite.fr\/index.php\/mise-en-conformite-electrique\/#primaryimage"},"thumbnailUrl":"https:\/\/cdn.radiofrance.fr\/s3\/cruiser-production\/2018\/07\/7e789726-2f52-4eff-9bef-8c284722485b\/640_placard_stats.jpg","datePublished":"2018-10-13T14:28:40+00:00","dateModified":"2018-10-13T14:38:55+00:00","breadcrumb":{"@id":"http:\/\/guivelelectricite.fr\/index.php\/mise-en-conformite-electrique\/#breadcrumb"},"inLanguage":"fr-FR","potentialAction":[{"@type":"ReadAction","target":["http:\/\/guivelelectricite.fr\/index.php\/mise-en-conformite-electrique\/"]}]},{"@type":"ImageObject","inLanguage":"fr-FR","@id":"http:\/\/guivelelectricite.fr\/index.php\/mise-en-conformite-electrique\/#primaryimage","url":"https:\/\/cdn.radiofrance.fr\/s3\/cruiser-production\/2018\/07\/7e789726-2f52-4eff-9bef-8c284722485b\/640_placard_stats.jpg","contentUrl":"https:\/\/cdn.radiofrance.fr\/s3\/cruiser-production\/2018\/07\/7e789726-2f52-4eff-9bef-8c284722485b\/640_placard_stats.jpg"},{"@type":"BreadcrumbList","@id":"http:\/\/guivelelectricite.fr\/index.php\/mise-en-conformite-electrique\/#breadcrumb","itemListElement":[{"@type":"ListItem","position":1,"name":"Accueil","item":"https:\/\/guivelelectricite.fr\/"},{"@type":"ListItem","position":2,"name":"Mise en conformit\u00e9 \u00e9lectrique"}]},{"@type":"WebSite","@id":"http:\/\/guivelelectricite.fr\/#website","url":"http:\/\/guivelelectricite.fr\/","name":"GUIVEL \u00e9lectricit\u00e9","description":"Artisan \u00e9lectricien","publisher":{"@id":"http:\/\/guivelelectricite.fr\/#organization"},"potentialAction":[{"@type":"SearchAction","target":{"@type":"EntryPoint","urlTemplate":"http:\/\/guivelelectricite.fr\/?s={search_term_string}"},"query-input":{"@type":"PropertyValueSpecification","valueRequired":true,"valueName":"search_term_string"}}],"inLanguage":"fr-FR"},{"@type":"Organization","@id":"http:\/\/guivelelectricite.fr\/#organization","name":"GVL \u00e9lectricit\u00e9","url":"http:\/\/guivelelectricite.fr\/","logo":{"@type":"ImageObject","inLanguage":"fr-FR","@id":"http:\/\/guivelelectricite.fr\/#\/schema\/logo\/image\/","url":"https:\/\/i0.wp.com\/guivelelectricite.fr\/wp-content\/uploads\/2024\/08\/102dcc2f8d0630e1be4094ed6bfbf15b.png?fit=860%2C627&ssl=1","contentUrl":"https:\/\/i0.wp.com\/guivelelectricite.fr\/wp-content\/uploads\/2024\/08\/102dcc2f8d0630e1be4094ed6bfbf15b.png?fit=860%2C627&ssl=1","width":860,"height":627,"caption":"GVL \u00e9lectricit\u00e9"},"image":{"@id":"http:\/\/guivelelectricite.fr\/#\/schema\/logo\/image\/"},"sameAs":["https:\/\/www.facebook.com\/Guivel-lectricit-315408385903294"]}]}},"jetpack_sharing_enabled":true,"jetpack_shortlink":"https:\/\/wp.me\/Pamzwz-3i","jetpack-related-posts":[],"_links":{"self":[{"href":"https:\/\/guivelelectricite.fr\/index.php\/wp-json\/wp\/v2\/pages\/204","targetHints":{"allow":["GET"]}}],"collection":[{"href":"https:\/\/guivelelectricite.fr\/index.php\/wp-json\/wp\/v2\/pages"}],"about":[{"href":"https:\/\/guivelelectricite.fr\/index.php\/wp-json\/wp\/v2\/types\/page"}],"author":[{"embeddable":true,"href":"https:\/\/guivelelectricite.fr\/index.php\/wp-json\/wp\/v2\/users\/1"}],"replies":[{"embeddable":true,"href":"https:\/\/guivelelectricite.fr\/index.php\/wp-json\/wp\/v2\/comments?post=204"}],"version-history":[{"count":4,"href":"https:\/\/guivelelectricite.fr\/index.php\/wp-json\/wp\/v2\/pages\/204\/revisions"}],"predecessor-version":[{"id":213,"href":"https:\/\/guivelelectricite.fr\/index.php\/wp-json\/wp\/v2\/pages\/204\/revisions\/213"}],"wp:attachment":[{"href":"https:\/\/guivelelectricite.fr\/index.php\/wp-json\/wp\/v2\/media?parent=204"}],"curies":[{"name":"wp","href":"https:\/\/api.w.org\/{rel}","templated":true}]}}